f 1 + (-37 - -39) + (1 - 8)?
-4
Evaluate -5 + (0 + (-1 - 5) - (-8 - -5)).
-8
-8 - -25 - (-21 + 31)
7
What is the value of 10 - 22 - (-4 + 7 - 14)?
-1
What is the value of 14 + 2 + (-11 - -8) - 5?
8
What is -5 + -3 + 0 + (12 - (23 - -2))?
-21
-1 + 9 - (-37 - (-49 - -10))
6
Evaluate (-4 - -15) + (7 - 2) + -4 + 0.
12
Calculate -20 - (-9 + 12 - 17).
-6
What is (-14 - -40) + 3 + -4?
25
Calculate (-263 - -237) + 2 + 10.
-14
What is the value of (-17 + -2 - -12) + 1 + 29?
23
What is -17 + -7 - -15 - (0 + -20)?
11
(-17 - -1 - -16) + (-4 - 7) + 2
-9
What is 3 - (16 + -15 - -9)?
-7
Calculate -11 + (0 - 9) + 15.
-5
Calculate (15 - -22 - 12) + -29.
-4
What is 4 + 9 + 4 + -21?
-4
What is (-121 - (-197 - -83)) + (1 - 9) + -1?
-16
(7 - 1) + (-2 - 4) + 21 + -7
14
1 + -2 - (0 - ((15 - 30) + 11))
-5
-4 + (4 - -11) + -7 + -5
-1
Evaluate 3 + -4 + 2 - (-1 + (3 - -2)).
-3
Evaluate 0 + -3 - ((14 - 30) + 8).
5
44 - (18 - (8 + 7))
41
What is -21 + (-33 - 0 - -57)?
3
10 + 0 + (-32 - -11 - -17) + -12
-6
What is 2 + -4 - (11 - 21 - -20)?
-12
Calculate -34 - 1 - ((-9 - -18) + -22).
-22
Evaluate (-39 - -10) + 25 + -8.
-12
Evaluate -14 + -11 + 34 + -1.
8
What is 8 + (4 - 3) + (-29 - 3) - -10?
-13
What is the value of 3 - 19 - (3 + -3 + -3 - 4)?
-9
What is the value of (-17 - 5 - -34) + 1 + -7?
6
(-14 - -7) + (21 - 25)
-11
What is 85 - (-5 - -91) - ((-2 - -37) + 2)?
-38
Calculate (-515 - -494) + 0 + 16.
-5
Calculate 4 - 3 - -8 - (-13 + 37).
-15
What is -3 + 4 + -1 + (-86 - -84)?
-2
((-9 - -11) + -5 - -10) + -2
5
Calculate (-13 - -2) + 60 + -48 + 0.
1
What is (-1 + -7 - (-16 - -10)) + (18 - 3)?
13
What is the value of -20 - (-21 - -13 - 18)?
6
Calculate -2 + 2 + -4 + 1 + (1 - 3).
-5
Evaluate 11 + 13 + (-21 - 3).
0
Calculate -4 + -2 - (-6 + 1 + -13 - -1).
11
-6 + (-4 - 2 - 19) + (-7 - -5)
-33
16 + 0 + -17 + -22 + (0 - -5)
-18
Evaluate -11 - (1 + 5 + -2 + -11 - -7).
-11
Calculate (-37 - (19 - 43)) + -2.
-15
Calculate 0 - (36 - 23) - -31.
18
What is 6 + (14 - 5 - 8)?
7
What is the value of -19 + 4 + -11 + 21?
-5
Calculate -28 + (-32 - 0 - -35).
-25
Calculate -61 + 74 + (0 - (5 - -13)).
-5
5 - (-1 - (3 + (0 - 3)))
6
Evaluate (-1 - (0 - 3)) + -21 + -4 + 10.
-13
Calculate -11 - (2 + (-6 + 1 - 0)).
-8
What is the value of 15 + 14 - (6 - 2)?
25
What is the value of 11 - 2 - (-13 + 21 + -10)?
11
What is (-2 - (0 - -4 - 4)) + -15?
-17
What is the value of -458 + 447 - (0 - 3)?
-8
What is the value of 17 + (-20 + (15 - 16) - -8)?
4
Calculate -15 + -1 - (-2140 + 2118).
6
Evaluate -38 + 54 + (-24 - 1).
-9
Evaluate 4 - 34 - (-38 - -27).
-19
What is the value of -6 + -8 - -16 - 7?
-5
What is -937 + 930 + (-16 - 0) + -1?
-24
Evaluate 17 - (25 + -31 + 8).
15
Calculate (-20 - -23) + (22 - 6).
19
Evaluate 1 + (-7 + 1 + -6 - -16).
5
What is -11 + 6 + 1 + -5?
-9
-8 + 0 - (-20 + -2) - -18
32
Evaluate -5 + 3 + (-6 + 5 + 6 - -17).
20
-5 + 71 - 34 - 70
-38
-4 + 22 + -17 + -7
-6
Evaluate 1 + 13 + -5 - -5.
14
Evaluate (-12 - (-21 - -27)) + 3.
-15
What is -75 - -50 - (-12 + -3)?
-10
(-1 - 4) + -12 - (10 + -32 + 14)
-9
Calculate (-2 + 5 - -1 - 30) + -80 + 71.
-35
What is -10 + (6 - 36) + 23?
-17
-8 + 20 - (1 - -10)
1
-8 + 1 - (-49 + 23 - -26) - -20
13
What is the value of -10 - ((-6 - (5 + -8)) + -12)?
5
-4 + (4 + 4 - 17)
-13
What is 1695 + -1700 - (2 + (0 - -4) - 0)?
-11
Calculate 1 - -19 - (-8 - (-42 + 25)).
11
What is the value of 79 + -82 - (-1 + (-4 - -2)) - 0?
0
What is the value of 19 - 1 - 15 - 6?
-3
-20 + (18 - 5) - -5
-2
Evaluate -36 + 2 - (-235 + 226).
-25
Calculate 23 - ((-20 - -7) + (1 - -25)).
10
Calculate 12 - (-19 + 21) - 20.
-10
Evaluate (-4 - 12) + (35 - 17).
2
Evaluate 1 + (-5 - (-7 + -15)).
18
-5 + (-8 - -5) + 3 - (1 + -22)
16
What is the value of -3 - (2 - 1) - (204 - 219)?
11
What is the value of 1 + 7 - (-4 + 10 - 2) - -2?
6
Evaluate -2 + 0 - -16 - (-53 + (17 - -32)).
18
What is -26 + 41 + 26 + -18?
23
Evaluate -9 + 7 + (4 - 5) + (-9 - -12).
0
Calculate (-6 - -34 - ((13 - 6) + 0)) + -7.
14
What is -18 - (-10 + 3 + -7 + 9 + 1)?
-14
Calculate (-6 - (2 - 12)) + (-2 - -1) + 13.
16
12 + -4 + -13 + 1
-4
What is the value of 22 + (-26 - (-7 - -19))?
-16
Calculate -16 - (-15 - -13 - 6).
-8
What is -4 + (-23 - (-4 - (-7 + 12)))?
-18
23 - (0 - 0 - (21 - 8 - 16))
20
What is (-3 - (-3 + -6)) + -1 + 8 + -6?
7
What is (-1 + 2 - (11 - 16 - -7)) + -1?
-2
What is (26 - 43 - (-12 - -3)) + 36?
28
Calculate 73 - 56 - (5 + (-11 - 0)).
23
Evaluate (3 - (-4 + -1 - -7 - -6)) + -5.
-10
(-11 + 8 - -37) + -14
20
What is 44 - 30 - (51 + -5 + -7)?
-25
What is -7 + 1 + (31 - (14 - (1 - -3)))?
15
Calculate (-10 - -28) + -2 + (9 - 13).
12
What is (22 - 31) + 22 + -15?
-2
Evaluate 1 - (-68 + 73 - (-8 + 0) - 4).
-8
Calculate (-4 - -10) + -14 + 1.
-7
(-3 - -17) + 1 - (35 + -27)
7
What is the value of -10 - (10 - 6 - 27) - 1?
12
Evaluate 6 + 9 + -8 - (3 + -2).
6
Evaluate (-594 - -601) + (-3 - 3) + 4.
5
Calculate -5 + 0 + (-8 - (-1 + -3 - -2)).
-11
Evaluate (5 - -5) + -6 + 2 - (-3 - -5).
4
-132 + 115 + 0 + 3
-14
What is 8 + 0 + (-2 - -10) + -15 - -11?
12
-22 + -5 + (36 - 17)
-8
What is the value of 29 + (-13 - 32) + 11 + -2?
-7
Calculate (2 - 11 - -28 - 1) + (1 - 7).
12
What is the value of 3 - 7 - -14 - (10 - (7 + -4))?
3
((-1 - -7) + -12 - (0 - 2)) + 0
-4
Evaluate (-6 - -3) + (3 - 6) + 22 + -22.
-6
What is the value of -7 + (29 - (-28 - -50))?
0
What is -161 - -155 - (-22 - 0)?
16
What is the value of (-15 - (-13 - (6 + -14))) + 19?
9
Calculate 4 - (1 + 27 - 37).
13
Evaluate 22 - 23 - (22 - 5).
-18
What is the value of 16 + -35 + 7 - (-35 - -6)?
17
What is -12 - ((11 - 2) + (-44 - -34))?
-11
(-8 - -2) + -2 + -2 + 3
-7
What is the value of -9 - 15 - (3 - 19)?
-8
What is the value of (13 - 1 - 11) + 15 + -2?
14
Calculate -10 + -1 - (-1 + 1 - (179 - 175)).
-7
What is the value of (2 - (11 + 0 + -4)) + 10?
5
Evaluate 73 + -82 - (0 - 4 - -3).
-8
What is 13 + -2 + 2 + -1?
12
What is the value of -9 + -3 + (1 + -16 - -11)?
-16
Evaluate 11 + -8 + -6 - 0 - (-26 - -11).
12
What is -2 + 4 + 15 + -9?
8
What is the value of -12 + (6 - -2) + 2?
-2
Evaluate (-10 + 0 - -8 - (1 - 1)) + 1.
-1
Calculate 5 - (-8 + 9 - (2 - 24)).
-18
Evaluate -19 - (-11 + -11 + (-4 - -22)).
-15
Evaluate ((-7 - -5) + 1 - -4) + (25 - 13).
15
What is the value of 11 + -10 + (5 - 0) - (0 - -2)?
4
(-30 - -1 - -6) + 30
7
What is the value of -24 + -9 - -13 - -20?
0
Evaluate -22 + ((16 - 6) + -1 - -4).
-9
What is 7 + -31 + (4 - 10 - -10)?
-20
Calculate 3 - 1 - (1 + -4) - -1.
6
-17 - -2 - (5 + 25 - 18)
-27
-11 + -12 + 9 + 6 + -7 - 5
-20
Calculate (1 - -2) + (8 - (-9 - -26)) + 9.
3
1 + 10 - (-290 + 320)
-19
Evaluate -6 + -5 + 9 + 4 + -7.
-5
Calculate -4 + -19 + 17 - 13.
-19
What is the value of 7 + (0 - 1) - (44 + -90 - -44)?
8
0 - (0 + 2) - (-1 + 10 + -1)
-10
What is the value of (3 - 2) + 45 + (-154 - -136)?
28
What is the value of ((5 - 16) + 3 - -1) + 2?
-5
-12 - (-16 + 3 + -6 + -25)
32
Evaluate -10 + -2 + 16 - (0 + 7).
-3
40 - (14 - 7) - 26
7
18 + (-16 - (7 + -29))
24
What is the value of 1 + -3 + (24 - (5 - 6 - -6))?
17
What is the value of -12 - (-45 - (11 + -22))?
22
Calculate -6 + 20 + (-7 - 4).
3
What is (12 - (58 + -19 + 3)) + (0 - -11)?
-19
Evaluate -17 + 3 + (11 - (13 + -5) - 11).
-22
-15 + (-4 + 14 - 0)
-5
Calculate -1343 - -1340 - (0 - 2).
-1
What is the value of (-7 - (13 + -22)) + 4?
6
-2 - (-9 + (4 - -14))
-11
Calculate -2 + (-2 - -14) + 0 + 8 + -9.
9
Calculate 14 + (12 - (1 - (-14 + 12))).
23
What is -3 - -32 - (10 - -9)?
10
2 + -3 + (-8 - -8) - (-13 - -16)
-4
-50 + (-5 + 1 - -37)
-17
(15 - (1 - -18)) + (-4 - -1) + -4
-11
-12 + 22 - 1 - 21 - -17
5
What is the value of (9 - 0) + (-16 - 3 - -27)?
17
(-10 - 0) + 150 + -157
-17
Evaluate 49 + (-43 - -30) + -26.
10
(-2 - 13) + (-70 + 44 - -33)
-8
What is 33 + (-39 - -16) - (-1 + 23)?
-12
What is (0 - (5 - (-9 - (5 + -43)))) + 7?
31
93 + -82 - (-1 - (0 + 0 - 34))
-22
Evaluate -1 - (19 + -26 + 2 - (-2 + -2)).
0
Evaluate -2 - 1 - ((-32 - -81) + -37).
-15
9 + 33 + (29 - 51)
20
-15 - -6 - (-1 + 10 + -13)
-5
Calculate 44 + (6 - 29 - -4).
25
Calculate 1 - (19 + -28 + 32).
-22
Evaluate -4 - (-19 + 23 - 11).
3
Evaluate (0 + -2 - -17) + -23 + 7.
-1
What is the value of -8 + 2 + -3 - (-6 - -43 - 50)?
4
Calculate (9 - 37) + -12 + 19.
-21
Calculate (12 - 16) + 18 + 0.
14
14 + 0 + (466 - 473)
7
What is the v